e prime factors of 41097095.
5, 13, 19, 107, 311
What are the prime factors of 733399996?
2, 7, 26192857
List the prime factors of 5946369998.
2, 19, 23, 821, 8287
What are the prime factors of 1501358?
2, 750679
What are the prime factors of 371797753?
83, 4479491
List the prime factors of 270170314.
2, 135085157
What are the prime factors of 76244800?
2, 5, 47653
What are the prime factors of 355514041?
101, 137, 25693
What are the prime factors of 1265935888?
2, 7, 1489, 7591
List the prime factors of 35894573.
11, 13, 103, 2437
What are the prime factors of 657134520?
2, 3, 5, 7, 809, 967
What are the prime factors of 373332146?
2, 11, 37, 458639
List the prime factors of 88288843.
83, 1063721
What are the prime factors of 342742485?
3, 5, 22849499
What are the prime factors of 1551107788?
2, 19, 563, 36251
What are the prime factors of 183095625?
3, 5, 97651
What are the prime factors of 2886253223?
7, 149, 395323
What are the prime factors of 107844917?
107844917
What are the prime factors of 1039417388?
2, 259854347
List the prime factors of 144205972.
2, 19, 421, 4507
What are the prime factors of 1548629882?
2, 23, 33665867
List the prime factors of 5744905339.
23, 4289, 58237
List the prime factors of 72845451.
3, 7, 383, 3019
List the prime factors of 89928753.
3, 1571, 19081
What are the prime factors of 481599684?
2, 3, 13377769
What are the prime factors of 1924192479?
3, 11, 61, 955883
What are the prime factors of 557269542?
2, 3, 30959419
List the prime factors of 156889737.
3, 5810731
List the prime factors of 229579750.
2, 5, 918319
List the prime factors of 74901502.
2, 13, 2880827
What are the prime factors of 870404548?
2, 13, 23, 727763
List the prime factors of 20630404.
2, 131, 39371
What are the prime factors of 4536745025?
5, 181469801
What are the prime factors of 4504061708?
2, 1453, 774959
What are the prime factors of 89353539?
3, 11, 82051
What are the prime factors of 43678018?
2, 21839009
List the prime factors of 411885469.
17, 24228557
List the prime factors of 1006320197.
103, 937, 10427
What are the prime factors of 6427299?
3, 29, 73877
What are the prime factors of 1232212779?
3, 7, 19558933
List the prime factors of 570055987.
29, 439, 44777
List the prime factors of 448458958.
2, 29, 31, 249421
What are the prime factors of 253528624?
2, 157, 100927
What are the prime factors of 88449911?
11, 47, 103, 151
What are the prime factors of 78840366?
2, 3, 11, 23, 167, 311
What are the prime factors of 231589579?
13, 17814583
List the prime factors of 106845370.
2, 5, 10684537
List the prime factors of 807166305.
3, 5, 11, 79, 20641
What are the prime factors of 716216816?
2, 7, 2243, 2851
What are the prime factors of 3467547090?
2, 3, 5, 7, 43, 42667
What are the prime factors of 22287557?
73, 109, 2801
What are the prime factors of 1337782404?
2, 3, 7, 373, 42697
List the prime factors of 90070298.
2, 19, 449, 5279
What are the prime factors of 36859485?
3, 5, 13, 17, 11119
What are the prime factors of 16432855?
5, 3286571
What are the prime factors of 6706852177?
79, 101, 239, 3517
List the prime factors of 63747227.
63747227
List the prime factors of 58067872.
2, 89, 20389
What are the prime factors of 2051993008?
2, 13, 19, 519229
List the prime factors of 1250942196.
2, 3, 7, 163, 211, 433
List the prime factors of 1190103787.
3319, 358573
What are the prime factors of 198010324?
2, 19, 631, 4129
List the prime factors of 411332285.
5, 7, 13, 904027
List the prime factors of 7476352.
2, 13, 4493
List the prime factors of 482428458.
2, 3, 26801581
What are the prime factors of 227615104?
2, 1778243
What are the prime factors of 191013167?
233, 819799
List the prime factors of 777353817.
3, 2017, 128467
List the prime factors of 1719441573.
3, 3917, 146323
What are the prime factors of 308365162?
2, 7, 22026083
List the prime factors of 1652146385.
5, 29, 37, 101, 3049
List the prime factors of 53981362.
2, 163, 165587
List the prime factors of 857544615.
3, 5, 19056547
What are the prime factors of 358406671?
7, 19, 2694787
List the prime factors of 153232219.
7, 21890317
What are the prime factors of 90250708?
2, 22562677
List the prime factors of 165156390.
2, 3, 5, 7, 262153
What are the prime factors of 914225306?
2, 241, 491, 3863
List the prime factors of 63832615.
5, 7, 11, 165799
List the prime factors of 233658614.
2, 7, 67, 249103
What are the prime factors of 6398267?
6398267
List the prime factors of 230751435.
3, 5, 47, 327307
List the prime factors of 2024040208.
2, 19, 6658027
What are the prime factors of 114848148?
2, 3, 37, 6991
What are the prime factors of 1329252912?
2, 3, 13, 71, 73, 137
List the prime factors of 3828587807.
11, 10313, 33749
List the prime factors of 2082168.
2, 3, 11, 239
What are the prime factors of 15017574?
2, 3, 11, 13, 23, 761
What are the prime factors of 26606205?
3, 5, 197083
What are the prime factors of 60606088?
2, 17, 445633
List the prime factors of 96762354.
2, 3, 13, 1240543
List the prime factors of 30017912.
2, 3752239
List the prime factors of 257654842.
2, 128827421
List the prime factors of 2898593.
31, 93503
List the prime factors of 475164241.
433, 1097377
What are the prime factors of 52212691?
23, 2270117
What are the prime factors of 4392309078?
2, 3, 19, 409, 1163
What are the prime factors of 3341692459?
7, 5701, 83737
What are the prime factors of 458831010?
2, 3, 5, 11, 103, 13499
List the prime factors of 1262916569.
223, 5663303
List the prime factors of 83269246.
2, 23, 149, 12149
List the prime factors of 12612603.
3, 269, 15629
List the prime factors of 25289988.
2, 3, 19, 110921
List the prime factors of 103959533.
127, 818579
List the prime factors of 409493778.
2, 3, 71, 593, 1621
List the prime factors of 823437075.
3, 5, 17, 645833
List the prime factors of 85278964.
2, 21319741
What are the prime factors of 647622029?
647622029
What are the prime factors of 117186148?
2, 19, 1541923
List the prime factors of 6499035035.
5, 2153, 603719
What are the prime factors of 2734126557?
3, 1901, 479419
What are the prime factors of 1798442450?
2, 5, 7, 23, 41, 5449
List the prime factors of 114742430.
2, 5, 11, 1043113
What are the prime factors of 1839960687?
3, 1609, 381181
List the prime factors of 239633639.
7, 3929, 8713
List the prime factors of 58638590.
2, 5, 5863859
What are the prime factors of 565829727?
3, 157, 1201337
List the prime factors of 40188120.
2, 3, 5, 7, 47843
List the prime factors of 529720448.
2, 271, 15271
List the prime factors of 495838140.
2, 3, 5, 7, 23, 51329
What are the prime factors of 110933205?
3, 5, 7395547
List the prime factors of 98025143.
53, 503, 3677
What are the prime factors of 43399243?
61, 711463
What are the prime factors of 4664147542?
2, 1213, 1922567
What are the prime factors of 695145222?
2, 3, 38619179
List the prime factors of 361574873.
11, 149, 167, 1321
List the prime factors of 3095672351.
313, 1321, 7487
List the prime factors of 7765307003.
29, 113, 2369639
List the prime factors of 19387332.
2, 3, 331, 1627
List the prime factors of 124426094.
2, 13, 17, 89, 3163
List the prime factors of 129010079.
11, 173, 6163
What are the prime factors of 1732523309?
11, 157502119
What are the prime factors of 29273561?
29273561
What are the prime factors of 409891844?
2, 557, 183973
List the prime factors of 358902419.
17, 19, 23, 48311
List the prime factors of 297886928.
2, 18617933
What are the prime factors of 275477755?
5, 7, 317, 3547
What are the prime factors of 9252336?
2, 3, 192757
List the prime factors of 79879556.
2, 379, 52691
What are the prime factors of 177124228?
2, 29, 1526933
What are the prime factors of 2340404912?
2, 373, 392159
What are the prime factors of 1671137?
13, 128549
List the prime factors of 4679956961.
4679956961
List the prime factors of 234075523.
11, 263, 80911
What are the prime factors of 141755742?
2, 3, 1601, 4919
List the prime factors of 668713030.
2, 5, 29, 523, 4409
What are the prime factors of 80718152?
2, 53, 127, 1499
List the prime factors of 44696265.
3, 5, 19, 31, 5059
What are the prime factors of 6538661309?
61, 107191169
What are the prime factors of 62169902?
2, 31084951
List the prime factors of 47164666.
2, 1487, 158